{"id":275328,"date":"2020-11-19T09:40:00","date_gmt":"2020-11-19T09:40:00","guid":{"rendered":"http:\/\/www.bidc-ebid.org\/fr\/?page_id=275328"},"modified":"2025-10-28T11:26:12","modified_gmt":"2025-10-28T11:26:12","slug":"burkina-faso","status":"publish","type":"page","link":"https:\/\/www.bidc-ebid.org\/fr\/pays\/burkina-faso\/","title":{"rendered":"Burkina Faso"},"content":{"rendered":"<p><img loading=\"lazy\" decoding=\"async\" class=\"size-full wp-image-277101 alignnone\" src=\"https:\/\/www.bidc-ebid.org\/fr\/wp-content\/uploads\/BANNIERE-BURKINA-FASO.jpeg\" alt=\"\" width=\"1000\" height=\"300\" srcset=\"https:\/\/www.bidc-ebid.org\/fr\/wp-content\/uploads\/BANNIERE-BURKINA-FASO.jpeg 1000w, https:\/\/www.bidc-ebid.org\/fr\/wp-content\/uploads\/BANNIERE-BURKINA-FASO-300x90.jpeg 300w, https:\/\/www.bidc-ebid.org\/fr\/wp-content\/uploads\/BANNIERE-BURKINA-FASO-768x230.jpeg 768w\" sizes=\"auto, (max-width: 1000px) 100vw, 1000px\" \/><\/p>\n<hr \/>\n<h3>Performance macro\u00e9conomique<\/h3>\n<p><strong><u>Tableau\u00a01<\/u><\/strong> : Aper\u00e7u de quelques indicateurs macro\u00e9conomiques<br \/>\n<img loading=\"lazy\" decoding=\"async\" class=\"wp-image-277749 size-full alignnone\" src=\"https:\/\/www.bidc-ebid.org\/fr\/wp-content\/uploads\/Tableau-BF-FR.png\" alt=\"\" width=\"1000\" height=\"500\" srcset=\"https:\/\/www.bidc-ebid.org\/fr\/wp-content\/uploads\/Tableau-BF-FR.png 1000w, https:\/\/www.bidc-ebid.org\/fr\/wp-content\/uploads\/Tableau-BF-FR-300x150.png 300w, https:\/\/www.bidc-ebid.org\/fr\/wp-content\/uploads\/Tableau-BF-FR-768x384.png 768w\" sizes=\"auto, (max-width: 1000px) 100vw, 1000px\" \/><br \/>\nEn 2023, le Burkina Faso a enregistr\u00e9 une croissance du PIB de 3,6 pour cent, contre 1,8 pour cent en 2022, soutenue par la croissance du secteur des services. Les activit\u00e9s agricoles et mini\u00e8res ont souffert de l\u2019impact de l\u2019ins\u00e9curit\u00e9, ce qui a entra\u00een\u00e9 des contributions mod\u00e9r\u00e9es au PIB. L\u2019inflation moyenne a nettement diminu\u00e9, passant de 13,8 pour cent en 2022 \u00e0 0,9 pour cent en 2023, gr\u00e2ce \u00e0 la baisse des prix des denr\u00e9es alimentaires, des boissons alcoolis\u00e9es et non alcoolis\u00e9es. Le solde budg\u00e9taire s\u2019est r\u00e9duit \u00e0 -6,8 pour cent du PIB en 2023, contre -10,7 pour cent en 2022, en raison d\u2019une augmentation des recettes et d\u2019une baisse des d\u00e9penses. Le ratio dette\/PIB a toutefois augment\u00e9, passant de 58,4 pour cent en 2022 \u00e0 61,9 pour cent en 2023, tandis que le solde du compte courant s\u2019est d\u00e9t\u00e9rior\u00e9, passant de -7,2 pour cent du PIB en 2022 \u00e0 -7,9 pour cent du PIB en 2023.<\/p>\n<h3>PERSPECTIVES<\/h3>\n<p>En 2024 et 2025, l\u2019\u00e9conomie devrait enregistrer une croissance significative, s\u2019\u00e9tablissant respectivement \u00e0 5,3 pour cent et 5,5 pour cent, soutenue par les prix favorables des produits de base, en particulier de l\u2019or. L\u2019inflation moyenne devrait s\u2019accro\u00eetre sensiblement pour atteindre 2,2 pour cent en 2024, principalement en raison de l\u2019augmentation des prix des denr\u00e9es alimentaires, de l\u2019\u00e9nergie et des prestations de services publics, avant de diminuer l\u00e9g\u00e8rement pour atteindre 2,1 pour cent en 2025. L\u2019assainissement budg\u00e9taire devrait se poursuivre, entra\u00eenant une nouvelle baisse du solde budg\u00e9taire \u00e0 -5,7 pour cent du PIB en 2024 et \u00e0 -4,7 pour cent du PIB en 2025. Le ratio dette\/PIB devrait rester sur une trajectoire ascendante, pour atteindre 63,6 pour cent en 2024 et 63,4 pour cent en 2025. Le pays devrait parvenir \u00e0 r\u00e9duire le solde du compte courant \u00e0 -6,3 pour cent du PIB en 2024 et \u00e0 -4,6 pour cent du PIB en 2025.<\/p>\n<h3>D\u00c9FIS \u00c0 RELEVER<\/h3>\n<p>Le Burkina Faso devra composer avec des relations commerciales restreintes avec la CEDEAO si le pays quitte la Communaut\u00e9 comme pr\u00e9vu. Cela aura un impact n\u00e9gatif sur les prix et plongera une grande partie de la population dans la pauvret\u00e9. La croissance de l\u2019activit\u00e9 \u00e9conomique en sera affect\u00e9e, de m\u00eame que les \u00e9changes commerciaux avec le reste des pays de la sous-r\u00e9gion (environ 18 pour cent) pourraient \u00eatre soumis \u00e0 des barri\u00e8res tarifaires et non tarifaires. En outre, l\u2019ins\u00e9curit\u00e9 reste un facteur de risque important pour le pays, \u00e9tant donn\u00e9 que l\u2019insurrection dans le nord du pays n\u2019a pas \u00e9t\u00e9 surmont\u00e9e. La menace de l\u2019ins\u00e9curit\u00e9, associ\u00e9e \u00e0 l\u2019instabilit\u00e9 des pr\u00e9cipitations, constitue un risque majeur pour la production agricole.<\/p>\n","protected":false},"excerpt":{"rendered":"<p>Performance macro\u00e9conomique Tableau\u00a01 : Aper\u00e7u de quelques indicateurs macro\u00e9conomiques En 2023, le Burkina Faso a enregistr\u00e9 une croissance du PIB de 3,6 pour cent, contre 1,8 pour cent en 2022, soutenue par la croissance du secteur des services. Les activit\u00e9s agricoles et mini\u00e8res ont souffert de l\u2019impact de l\u2019ins\u00e9curit\u00e9, ce qui a entra\u00een\u00e9 des contributions [&hellip;]<\/p>\n","protected":false},"author":1,"featured_media":0,"parent":25944,"menu_order":0,"comment_status":"closed","ping_status":"closed","template":"","meta":{"footnotes":""},"class_list":["post-275328","page","type-page","status-publish","hentry"],"jetpack_sharing_enabled":true,"_links":{"self":[{"href":"https:\/\/www.bidc-ebid.org\/fr\/wp-json\/wp\/v2\/pages\/275328","targetHints":{"allow":["GET"]}}],"collection":[{"href":"https:\/\/www.bidc-ebid.org\/fr\/wp-json\/wp\/v2\/pages"}],"about":[{"href":"https:\/\/www.bidc-ebid.org\/fr\/wp-json\/wp\/v2\/types\/page"}],"author":[{"embeddable":true,"href":"https:\/\/www.bidc-ebid.org\/fr\/wp-json\/wp\/v2\/users\/1"}],"replies":[{"embeddable":true,"href":"https:\/\/www.bidc-ebid.org\/fr\/wp-json\/wp\/v2\/comments?post=275328"}],"version-history":[{"count":7,"href":"https:\/\/www.bidc-ebid.org\/fr\/wp-json\/wp\/v2\/pages\/275328\/revisions"}],"predecessor-version":[{"id":277750,"href":"https:\/\/www.bidc-ebid.org\/fr\/wp-json\/wp\/v2\/pages\/275328\/revisions\/277750"}],"up":[{"embeddable":true,"href":"https:\/\/www.bidc-ebid.org\/fr\/wp-json\/wp\/v2\/pages\/25944"}],"wp:attachment":[{"href":"https:\/\/www.bidc-ebid.org\/fr\/wp-json\/wp\/v2\/media?parent=275328"}],"curies":[{"name":"wp","href":"https:\/\/api.w.org\/{rel}","templated":true}]}}

<p><img loading="lazy" decoding="async" class="size-full wp-image-277101 alignnone" src="https://www.bidc-ebid.org/fr/wp-content/uploads/BANNIERE-BURKINA-FASO.jpeg" alt="" width="1000" height="300" srcset="https://www.bidc-ebid.org/fr/wp-content/uploads/BANNIERE-BURKINA-FASO.jpeg 1000w, https://www.bidc-ebid.org/fr/wp-content/uploads/BANNIERE-BURKINA-FASO-300x90.jpeg 300w, https://www.bidc-ebid.org/fr/wp-content/uploads/BANNIERE-BURKINA-FASO-768x230.jpeg 768w" sizes="auto, (max-width: 1000px) 100vw, 1000px" /></p>
<hr />
<h3>Performance macroéconomique</h3>
<p><strong><u>Tableau 1</u></strong> : Aperçu de quelques indicateurs macroéconomiques<br />
<img loading="lazy" decoding="async" class="wp-image-277749 size-full alignnone" src="https://www.bidc-ebid.org/fr/wp-content/uploads/Tableau-BF-FR.png" alt="" width="1000" height="500" srcset="https://www.bidc-ebid.org/fr/wp-content/uploads/Tableau-BF-FR.png 1000w, https://www.bidc-ebid.org/fr/wp-content/uploads/Tableau-BF-FR-300x150.png 300w, https://www.bidc-ebid.org/fr/wp-content/uploads/Tableau-BF-FR-768x384.png 768w" sizes="auto, (max-width: 1000px) 100vw, 1000px" /><br />
En 2023, le Burkina Faso a enregistré une croissance du PIB de 3,6 pour cent, contre 1,8 pour cent en 2022, soutenue par la croissance du secteur des services. Les activités agricoles et minières ont souffert de l’impact de l’insécurité, ce qui a entraîné des contributions modérées au PIB. L’inflation moyenne a nettement diminué, passant de 13,8 pour cent en 2022 à 0,9 pour cent en 2023, grâce à la baisse des prix des denrées alimentaires, des boissons alcoolisées et non alcoolisées. Le solde budgétaire s’est réduit à -6,8 pour cent du PIB en 2023, contre -10,7 pour cent en 2022, en raison d’une augmentation des recettes et d’une baisse des dépenses. Le ratio dette/PIB a toutefois augmenté, passant de 58,4 pour cent en 2022 à 61,9 pour cent en 2023, tandis que le solde du compte courant s’est détérioré, passant de -7,2 pour cent du PIB en 2022 à -7,9 pour cent du PIB en 2023.</p>
<h3>PERSPECTIVES</h3>
<p>En 2024 et 2025, l’économie devrait enregistrer une croissance significative, s’établissant respectivement à 5,3 pour cent et 5,5 pour cent, soutenue par les prix favorables des produits de base, en particulier de l’or. L’inflation moyenne devrait s’accroître sensiblement pour atteindre 2,2 pour cent en 2024, principalement en raison de l’augmentation des prix des denrées alimentaires, de l’énergie et des prestations de services publics, avant de diminuer légèrement pour atteindre 2,1 pour cent en 2025. L’assainissement budgétaire devrait se poursuivre, entraînant une nouvelle baisse du solde budgétaire à -5,7 pour cent du PIB en 2024 et à -4,7 pour cent du PIB en 2025. Le ratio dette/PIB devrait rester sur une trajectoire ascendante, pour atteindre 63,6 pour cent en 2024 et 63,4 pour cent en 2025. Le pays devrait parvenir à réduire le solde du compte courant à -6,3 pour cent du PIB en 2024 et à -4,6 pour cent du PIB en 2025.</p>
<h3>DÉFIS À RELEVER</h3>
<p>Le Burkina Faso devra composer avec des relations commerciales restreintes avec la CEDEAO si le pays quitte la Communauté comme prévu. Cela aura un impact négatif sur les prix et plongera une grande partie de la population dans la pauvreté. La croissance de l’activité économique en sera affectée, de même que les échanges commerciaux avec le reste des pays de la sous-région (environ 18 pour cent) pourraient être soumis à des barrières tarifaires et non tarifaires. En outre, l’insécurité reste un facteur de risque important pour le pays, étant donné que l’insurrection dans le nord du pays n’a pas été surmontée. La menace de l’insécurité, associée à l’instabilité des précipitations, constitue un risque majeur pour la production agricole.</p>

<p>Performance macroéconomique Tableau 1 : Aperçu de quelques indicateurs macroéconomiques En 2023, le Burkina Faso a enregistré une croissance du PIB de 3,6 pour cent, contre 1,8 pour cent en 2022, soutenue par la croissance du secteur des services. Les activités agricoles et minières ont souffert de l’impact de l’insécurité, ce qui a entraîné des contributions [&hellip;]</p>
